 5955. What is the units digit of x?
8
Let q = -3595 - -4678. What is the tens digit of q?
8
What is the hundreds digit of (471/5)/(15/675)?
2
Let r be ((-45)/(-25))/(30/5950). Suppose -r = -2*a - a - 3*o, -2*a - 3*o = -238. What is the hundreds digit of a?
1
Suppose -60344 = -u - u - 3*j, 4*j - 120692 = -4*u. What is the tens digit of u?
7
Let j = 61520 - -13410. What is the tens digit of 4/(-66)*3 - j/(-110)?
8
Let l(q) = -256*q**2 - 26*q - 70. Let o be l(-16). What is the tens digit of o/(-80) + (-1)/(-8)?
1
Suppose -3*o + 2*d + 0*d = -13, -2*o + d = -7. Let r(l) = 56*l - 2. Let b be r(o). Suppose 4*z + b = 7*z. What is the units digit of z?
8
Let q be (-1 + -1)*(-132 + 133). Let j(t) = -26*t - 1 - 8 - 42*t. What is the tens digit of j(q)?
2
Let o = -28285 + 51053. What is the ten thousands digit of o?
2
Let l = -1524 + 21647. What is the units digit of l?
3
Let z = -13 + 27. Suppose -z*f + 6*f = -1136. Suppose -2*a + f = 4*h - 2*h, -3*h + 215 = a. What is the units digit of h?
2
Suppose 10*r = 22 + 18. Suppose 3*w + 4*s = 1858, r*w + 5*s = 2*s + 2468. What is the hundreds digit of w?
6
Suppose -3*a = o, 0 = o + 3*o - 4*a - 16. Let f(i) = -i**2 - i - 1. Let d(x) = 13*x**2 + 6*x - 1. Let u(z) = d(z) + 3*f(z). What is the units digit of u(o)?
5
Let f(d) = 16*d**2 + 3*d - 2. Suppose -16 = -5*q - 11. Let m be f(q). Let u = 65 - m. What is the tens digit of u?
4
Let t(j) = 341*j**2 - 14*j - 69. What is the thousands digit of t(-8)?
1
Suppose -16*o = -20*o + 16. Suppose 4*a = -o*g - g + 15, -g + 17 = -2*a. Suppose -g*l + 2*l = -245. What is the units digit of l?
9
Suppose 2*u = -f + 11, 0*u - 3*u + f + 14 = 0. Suppose 0 = u*d - 7*d + 6. Suppose -3*t + 8 = -0*m - m, -d*m + 9 = 2*t. What is the units digit of t?
3
Suppose 774498 + 516078 = 167*i. What is the tens digit of i?
2
Suppose 0 = 241*a - 854083 + 239284 - 3257107. What is the ten thousands digit of a?
1
Let n(a) = 517*a**2 - 3*a. Let z be n(1). Suppose 82 = 3*m + z. What is the units digit of (5 - 4)/(-1 + m/(-142))?
1
Suppose 5*z - z - 13 = 3*j, 0 = 4*z - 5*j - 11. Suppose z*k + 2 = 6*k. What is the units digit of 0 + (-3 - k) + 13?
9
What is the hundreds digit of 86055/4 - (-27)/(-864)*24?
5
Let n be (100 - -5) + 1*-2. Let l = 175 - n. Let t = -31 + l. What is the units digit of t?
1
Suppose -72*p = 13*p - 250410. What is the hundreds digit of p?
9
Let r be (233/(-2))/(23/46). Let d = -118 - r. What is the units digit of d?
5
Suppose 633 = 2*w + 2887. Let c = w - -1579. What is the hundreds digit of c?
4
Suppose 0 = 10*x - 16*x - 18. What is the tens digit of (-1 + 89)/((-6)/x)?
4
Let l = 654 - 651. What is the tens digit of (-10593)/l*6/(-18) - -3?
8
Let t(v) = v - 9 - 8*v**2 + 4*v**2 + v + 5*v**2. Let h be t(-6). Suppose 3*p + g = 20, -21 - h = -5*p - 3*g. What is the units digit of p?
6
What is the thousands digit of -356*((-24)/(-4) + ((-12090)/24)/5)?
3
Let t(f) be the third derivative of -f**6/120 + f**5/6 + f**4/6 - 5*f**3/3 - 13*f**2. Suppose -3*b + 10 = -2*b. What is the tens digit of t(b)?
3
Suppose -33795 + 9361 = -15*y + 30946. What is the tens digit of y?
9
Suppose 9*i - 9008 = -6470. What is the units digit of i?
2
Let c(v) = 81*v**2 - 12*v + 1. Let x(d) = 2*d - 1. Let a(h) = c(h) + 5*x(h). What is the units digit of a(-2)?
4
Let o be 3/(-9) - (-84)/36. What is the tens digit of (-5)/15*(-3)/o*50?
2
Suppose 7*h - 4*h = 21. Let y be (192/(-72))/(24/(-9)). Suppose x - h = -y. What is the units digit of x?
6
Let k = 19658 - -3463. What is the tens digit of k?
2
Let c = -62 - -24. Let m be c/(-7) + -1*(-3)/(-7). Suppose -d - 4*h = -64, 3*d - 220 = -2*d + m*h. What is the units digit of d?
8
Let g be (-3)/((-3)/4)*1. Let t = 6701 - 6637. What is the tens digit of 110/g*6*t/120?
8
Suppose -2*c - 475 = 2*m + 3*m, 3*m + 485 = -2*c. Let z(n) = n**3 + 9*n**2 + n + 31. Let d be z(-10). Let l = d - c. What is the tens digit of l?
7
Suppose -216*f + 17981375 = 5148815. What is the units digit of f?
0
Let o = -1000 - -1549. Suppose u + 5*c - o = 0, 5*u = -0*u + 4*c + 2774. What is the hundreds digit of u?
5
Let d(n) = -132*n - 338. What is the tens digit of d(-31)?
5
Let g = 38520 - 17366. What is the hundreds digit of g?
1
Suppose 4*z - 3*v + 119 = -z, -3*z = 3*v + 57. Let j = z + 27. Suppose j*i = 137 + 258. What is the tens digit of i?
7
Let p be 12/(4/20*2). Suppose -32*w = -p*w - 140. Suppose 5*m - 4*a + 11 = w, 95 = 5*m + 5*a. What is the tens digit of m?
1
Let n(u) = 118*u + 4130. What is the hundreds digit of n(121)?
4
Let v(s) = 4*s**3 + 3*s**2 + 2*s + 9. Let d be v(7). Suppose -529 - 1193 = -7*f. Suppose 12*n - f = d. What is the hundreds digit of n?
1
Let g(c) = -c**3 + 6*c**2 - 3*c - 1. Let u be g(5). What is the units digit of u/3 - (7 - (318 + 2))?
6
Let l(k) = -45*k**3 + k**2 - 7*k + 2. Let b be l(-6). What is the tens digit of ((-18)/(-5))/(7/(b/15))?
3
What is the tens digit of 3/((-81)/64026)*(-18)/24*2?
5
Suppose 315*q - 39 = 302*q. Suppose 5243 - 2042 = q*h. What is the thousands digit of h?
1
Let k(n) = 3*n**3 + n**2 + 2*n - 1. Suppose -7*q + 1 = -27. Suppose -3*x + x + 8 = 4*p, 16 = q*x - 5*p. What is the tens digit of k(x)?
1
Let z = 11487 + -8902. What is the units digit of z?
5
Suppose 3*a = 3*x - 3 + 6, 0 = 3*x + 2*a - 12. Let k = -22 + 29. Suppose -4*o + 280 = x*d - k*d, 0 = 2*d - 8. What is the units digit of o?
5
Let h = -7473 + 12644. What is the units digit of h?
1
Suppose -57 = 2*o + r, -3*r = 3*o - 5*r + 75. Let y be 31 + -100 + (-12)/2. Let c = o - y. What is the tens digit of c?
4
Suppose -192*k - 195*k + 381*k + 37650 = 0. What is the hundreds digit of k?
2
Suppose 0 = 5*l - 4*v + v - 1470, -4*l = 2*v - 1176. Let g = l + -580. Let q = 421 + g. What is the units digit of q?
5
Let w be 11/((15/(-10))/3). Let u = w + 784. What is the tens digit of u?
6
Suppose 7*a + 35 = 12*a. Suppose -9*z - 83 = a. What is the units digit of ((-12)/z)/((-1)/(-5))?
6
Let b = 13 - -52. Let l = 63 - b. What is the units digit of l/9 - (-67456)/288?
4
Suppose 3314 = -4*g - 3*f + 576, 0 = -4*g - 5*f - 2742. Let b = -31 - g. What is the tens digit of b?
5
Suppose -208 = 6*t - 2*t. Let s = -49 - t. Suppose -5*k = s*o - 130, -6*o + 4*k = -o - 192. What is the units digit of o?
0
Let x be -5 - (-684)/132 - 84/(-22). Suppose h - 1110 = -x*s, 9*s - 4*s = 2*h - 2181. What is the hundreds digit of h?
0
Let y = 11887 + -4912. What is the units digit of y?
5
Let a be ((-8550)/120)/((-2)/48). Suppose 2*f - 7*u = -11*u + 690, 5*f = 5*u + a. What is the tens digit of f?
4
Suppose 9 = -c + 12. Suppose -c*q + 34 = -4*w, -w = 4*q + 4*w - 4. What is the units digit of q?
6
Let g = -6019 + 11336. What is the units digit of g?
7
Suppose -m - 915 - 47 = -3*a, -2*a + m + 643 = 0. Let h = 270 + a. What is the units digit of h?
9
What is the ten thousands digit of (-1174413)/(-13) + -12*4/(-104)*-1?
9
Let b = -55 + 93. Let p = b - -114. Let c = p - -52. What is the hundreds digit of c?
2
What is the ten thousands digit of (-14127872)/(-1044) - (2/(-12))/((-12)/32)?
1
Let s be (-214)/(-10) + 2/(-5). Let j be -4*((-2)/(-10) + 378/(-90)). Suppose q + j = s. What is the units digit of q?
5
Suppose 0 = 5*f - 4*c, -3*c = 3*f - 5*c. Let p(v) = 0*v**2 + f*v + 3*v + 2 - 6*v + 3*v**2 - 2*v**3. What is the units digit of p(-3)?
2
Let f = -2 + 0. Suppose 199*o + 3*u + 19 = 203*o, -5 = u. What is the tens digit of (-7315)/(-30) + f*o/(-12)?
4
Let j(v) = -19*v**3 - 18 - 57*v + 10*v**2 - 15*v**2 + 20*v**3. What is the tens digit of j(14)?
4
Let o(t) = 63*t**2 - 87*t - 720. What is the units digit of o(-11)?
0
Let m = -162 - -162. Suppose -6*b + 98 + 142 = m. What is the tens digit of b?
4
Let z(y) = -y**3 + 12*y**2 - 12*y - 19. Let q be z(10). Let g = -61 + q. Suppose g = 8*n - 726 - 122. What is the units digit of n?
6
What is the hundreds digit of ((-1)/(-3) - (-106345)/105)/((-24)/(-168))?
0
Suppose 11610 = 4*p - k, -2*p + 8*k = 6*k - 5808. What is the hundreds digit of p?
9
Let w = 75 + 0. Let y = w - -14. Suppose -2*z + 3*v = -y, 6*v = -z + 3*v + 58. What is the units digit of z?
9
Let d = -5687 - -7215. What is the units digit of d?
8
Let j(r) = 67*r + 4. Let w be (-32)/240 + (-47)/(-15). Suppose -6*z + 9 = w. What is the tens digit of j(z)?
7
Suppose -19*f + f = 35*f - 535141. What is the units digit 